{"id":24,"date":"2024-05-11T11:12:37","date_gmt":"2024-05-11T09:12:37","guid":{"rendered":"https:\/\/www.stute-schmidt.de\/?page_id=24"},"modified":"2026-04-06T12:17:31","modified_gmt":"2026-04-06T10:17:31","slug":"leistungen","status":"publish","type":"page","link":"https:\/\/www.stute-schmidt.de\/index.php\/leistungen\/","title":{"rendered":"Leistungen"},"content":{"rendered":"\n<div class=\"wp-block-group alignfull has-global-padding is-layout-constrained wp-container-core-group-is-layout-490fa1db wp-block-group-is-layout-constrained\" style=\"padding-top:var(--wp--preset--spacing--50);padding-right:var(--wp--preset--spacing--50);padding-bottom:var(--wp--preset--spacing--50);padding-left:var(--wp--preset--spacing--50)\">\n<div class=\"wp-block-group has-global-padding is-layout-constrained wp-container-core-group-is-layout-650790e1 wp-block-group-is-layout-constrained\">\n<h1 class=\"wp-block-heading has-text-align-center has-x-large-font-size\">Beratung<\/h1>\n\n\n\n<div style=\"height:1.25rem\" aria-hidden=\"true\" class=\"wp-block-spacer\"><\/div>\n\n\n\n<p class=\"has-text-align-center\">Analyse von Bestandsanlagen, Empfehlungen f\u00fcr Instandsetzungen und Sanierungen, bis zur fertigen Ausschreibung<\/p>\n\n\n\n<p class=\"has-text-align-center\">Als Kunde profitieren Sie von 30 Jahren Erfahrung in Planung und Ausf\u00fchrung.<\/p>\n\n\n\n<p>Wir erstellen und Bearbeiten unsere Ausschreibungen mit ORCA Ava<\/p>\n\n\n\n<div style=\"height:1.25rem\" aria-hidden=\"true\" class=\"wp-block-spacer\"><\/div>\n\n\n\n<figure class=\"wp-block-image aligncenter size-full is-resized is-style-rounded is-style-rounded--1\"><img loading=\"lazy\" decoding=\"async\" width=\"1200\" height=\"800\" src=\"https:\/\/www.stute-schmidt.de\/wp-content\/uploads\/2024\/06\/Branding_AVA.jpg\" alt=\"\" class=\"wp-image-108\" style=\"width:408px;height:auto\" srcset=\"https:\/\/www.stute-schmidt.de\/wp-content\/uploads\/2024\/06\/Branding_AVA.jpg 1200w, https:\/\/www.stute-schmidt.de\/wp-content\/uploads\/2024\/06\/Branding_AVA-300x200.jpg 300w, https:\/\/www.stute-schmidt.de\/wp-content\/uploads\/2024\/06\/Branding_AVA-1024x683.jpg 1024w, https:\/\/www.stute-schmidt.de\/wp-content\/uploads\/2024\/06\/Branding_AVA-768x512.jpg 768w\" sizes=\"auto, (max-width: 1200px) 100vw, 1200px\" \/><\/figure>\n\n\n\n<div class=\"wp-block-buttons is-content-justification-center is-layout-flex wp-container-core-buttons-is-layout-a89b3969 wp-block-buttons-is-layout-flex\">\n<div class=\"wp-block-button\"><a class=\"wp-block-button__link wp-element-button\" href=\"http:\/\/www.orca-ava.de\" target=\"_blank\" rel=\"noreferrer noopener\">Mehr \u00fcber Orca-Ava<\/a><\/div>\n<\/div>\n<\/div>\n\n\n\n<div style=\"height:var(--wp--preset--spacing--30)\" aria-hidden=\"true\" class=\"wp-block-spacer\"><\/div>\n<\/div>\n\n\n\n<div class=\"wp-block-group alignfull has-base-2-background-color has-background has-global-padding is-layout-constrained wp-container-core-group-is-layout-669513ed wp-block-group-is-layout-constrained\" style=\"margin-top:0;margin-bottom:0;padding-top:var(--wp--preset--spacing--50);padding-right:var(--wp--preset--spacing--50);padding-bottom:var(--wp--preset--spacing--50);padding-left:var(--wp--preset--spacing--50)\">\n<div class=\"wp-block-group is-vertical is-content-justification-center is-layout-flex wp-container-core-group-is-layout-52b864f0 wp-block-group-is-layout-flex\">\n<h2 class=\"wp-block-heading has-text-align-center is-style-asterisk\">Erneuerung und Instandsetzung<\/h2>\n\n\n\n<div style=\"height:0px\" aria-hidden=\"true\" class=\"wp-block-spacer wp-container-content-4f2ccadb\"><\/div>\n\n\n\n<p class=\"has-text-align-center\">Wir helfen im St\u00f6rfall bei der Fehlersuche und Instandsetzung von Bestandsanlagen. <\/p>\n\n\n\n<p class=\"has-text-align-center\">Besser ist es, wenn es gar nicht zu Ausf\u00e4llen kommt.  Daher erneuern wir auch Schaltschr\u00e4nke und Schaltanlagen, bevor aus zum Ausfall kommt. Dies nat\u00fcrlich unter Ber\u00fccksichtigung Ihrer betrieblichen Anforderungen<\/p>\n<\/div>\n\n\n\n<div style=\"margin-top:0;margin-bottom:0;height:var(--wp--preset--spacing--40)\" aria-hidden=\"true\" class=\"wp-block-spacer\"><\/div>\n\n\n\n<div style=\"height:var(--wp--preset--spacing--20)\" aria-hidden=\"true\" class=\"wp-block-spacer\"><\/div>\n<\/div>\n\n\n\n<div class=\"wp-block-group alignfull has-global-padding is-layout-constrained wp-container-core-group-is-layout-d89aad35 wp-block-group-is-layout-constrained\" style=\"margin-top:0;margin-bottom:0;padding-top:var(--wp--preset--spacing--50);padding-right:var(--wp--preset--spacing--50);padding-bottom:var(--wp--preset--spacing--50);padding-left:var(--wp--preset--spacing--50)\">\n<div class=\"wp-block-group alignwide has-global-padding is-layout-constrained wp-container-core-group-is-layout-19e250f3 wp-block-group-is-layout-constrained\">\n<div class=\"wp-block-group is-vertical is-content-justification-center is-layout-flex wp-container-core-group-is-layout-6329a8f3 wp-block-group-is-layout-flex\">\n<h2 class=\"wp-block-heading has-text-align-center is-style-asterisk\">Planung<\/h2>\n\n\n\n<p class=\"has-text-align-center\">Wir planen und erstellen Elektrodokumentationen unter Verwendung der Programm ePlan P8 und ePlan 2024 \/ 2025. Neben den Schaltpl\u00e4nen werden auch Aufbaubilder, Kabelpl\u00e4ne und St\u00fccklisten erstellt. Die Informationen werden als CAD-Dateien f\u00fcr die Fertigung bereitgestellt.<\/p>\n\n\n\n<p class=\"has-text-align-center\">F\u00fcr Werk- und Montageplanungen nutzen wir auch BricsCad &#8211; Damit auch bei der Auslieferung alles passt.<\/p>\n\n\n\n<figure class=\"wp-block-image size-full is-resized is-style-rounded is-style-rounded--2\"><img loading=\"lazy\" decoding=\"async\" width=\"605\" height=\"404\" src=\"https:\/\/www.stute-schmidt.de\/wp-content\/uploads\/2024\/06\/ePlan.jpg\" alt=\"\" class=\"wp-image-102\" style=\"width:390px;height:auto\" srcset=\"https:\/\/www.stute-schmidt.de\/wp-content\/uploads\/2024\/06\/ePlan.jpg 605w, https:\/\/www.stute-schmidt.de\/wp-content\/uploads\/2024\/06\/ePlan-300x200.jpg 300w\" sizes=\"auto, (max-width: 605px) 100vw, 605px\" \/><\/figure>\n<\/div>\n\n\n\n<div style=\"height:var(--wp--preset--spacing--40)\" aria-hidden=\"true\" class=\"wp-block-spacer\"><\/div>\n\n\n\n<div class=\"wp-block-columns alignwide is-layout-flex wp-container-core-columns-is-layout-d1c656ed wp-block-columns-is-layout-flex\">\n<div class=\"wp-block-column is-vertically-aligned-center is-layout-flow wp-block-column-is-layout-flow\" style=\"flex-basis:40%\">\n<h3 class=\"wp-block-heading has-text-align-left is-style-asterisk\">Programmierung<\/h3>\n\n\n\n<p class=\"has-text-align-left\">Wir erstellen Programme f\u00fcr SPS-Steuerungen und Prozessleitsysteme. Unter anderem kommen hier Systeme z.B. von Siemens wie das WINCC oder das Prozessleitsystem PCS7 zum Einsatz.<\/p>\n\n\n\n<p>Schwerpunkt sind die Programmierung mit STEP7 und TIA-Portal. Wenn es sein muss, k\u00f6nnen wir aber auch noch in eine S5-Programm schauen.<\/p>\n\n\n\n<p>Im Schnittstellenbereich kommt aber auch Hochsprachenprogrammierung zu Einsatz, um eine Verbindung von SPS zur IT-Welt zu schaffen.<\/p>\n<\/div>\n\n\n\n<div class=\"wp-block-column is-layout-flow wp-block-column-is-layout-flow\" style=\"flex-basis:50%\">\n<figure class=\"wp-block-image size-full is-resized is-style-rounded is-style-rounded--3\"><img loading=\"lazy\" decoding=\"async\" width=\"605\" height=\"404\" src=\"https:\/\/www.stute-schmidt.de\/wp-content\/uploads\/2024\/06\/ePlan.jpg\" alt=\"\" class=\"wp-image-102\" style=\"width:31px;height:auto\" srcset=\"https:\/\/www.stute-schmidt.de\/wp-content\/uploads\/2024\/06\/ePlan.jpg 605w, https:\/\/www.stute-schmidt.de\/wp-content\/uploads\/2024\/06\/ePlan-300x200.jpg 300w\" sizes=\"auto, (max-width: 605px) 100vw, 605px\" \/><\/figure>\n<\/div>\n<\/div>\n\n\n\n<div style=\"height:var(--wp--preset--spacing--40)\" aria-hidden=\"true\" class=\"wp-block-spacer\"><\/div>\n\n\n\n<div class=\"wp-block-columns alignwide is-layout-flex wp-container-core-columns-is-layout-d1c656ed wp-block-columns-is-layout-flex\">\n<div class=\"wp-block-column is-layout-flow wp-block-column-is-layout-flow\" style=\"flex-basis:50%\">\n<figure class=\"wp-block-image size-large is-resized is-style-rounded is-style-rounded--4\"><img loading=\"lazy\" decoding=\"async\" width=\"1024\" height=\"768\" src=\"https:\/\/www.stute-schmidt.de\/wp-content\/uploads\/2026\/04\/Bild-1-1024x768.jpg\" alt=\"\" class=\"wp-image-131\" style=\"width:457px;height:auto\" srcset=\"https:\/\/www.stute-schmidt.de\/wp-content\/uploads\/2026\/04\/Bild-1-1024x768.jpg 1024w, https:\/\/www.stute-schmidt.de\/wp-content\/uploads\/2026\/04\/Bild-1-300x225.jpg 300w, https:\/\/www.stute-schmidt.de\/wp-content\/uploads\/2026\/04\/Bild-1-768x576.jpg 768w, https:\/\/www.stute-schmidt.de\/wp-content\/uploads\/2026\/04\/Bild-1-1536x1152.jpg 1536w, https:\/\/www.stute-schmidt.de\/wp-content\/uploads\/2026\/04\/Bild-1-2048x1536.jpg 2048w\" sizes=\"auto, (max-width: 1024px) 100vw, 1024px\" \/><\/figure>\n<\/div>\n\n\n\n<div class=\"wp-block-column is-vertically-aligned-center is-layout-flow wp-block-column-is-layout-flow\" style=\"flex-basis:40%\">\n<h3 class=\"wp-block-heading is-style-asterisk\">Inbetriebnahme<\/h3>\n\n\n\n<ul style=\"line-height:1.75\" class=\"wp-block-list is-style-checkmark-list\">\n<li>Wir errichten betriebsfertige Leistungen. Von der einzelnen Messung bis zur kompletten Schaltanlage.<br>Wenn es mal etwas mehr wir liefern wir auch mit dem &#8222;Zug&#8220;.<\/li>\n\n\n\n<li>Wir erbringen die Leistungen \u00fcberwiegend mit eigenem Personal. Subunternehmer und Leiharbeiter sind nicht so unser Ding.<\/li>\n\n\n\n<li>Umbauten von Bestandsanlagen sind unsere Dom\u00e4ne<\/li>\n<\/ul>\n<\/div>\n<\/div>\n\n\n\n<div class=\"wp-block-columns alignwide is-layout-flex wp-container-core-columns-is-layout-d1c656ed wp-block-columns-is-layout-flex\">\n<div class=\"wp-block-column is-vertically-aligned-center is-layout-flow wp-block-column-is-layout-flow\" style=\"flex-basis:40%\">\n<h3 class=\"wp-block-heading is-style-asterisk\">Fortlaufender Support<\/h3>\n\n\n\n<ul style=\"line-height:1.75\" class=\"wp-block-list is-style-checkmark-list\">\n<li>Best m\u00f6glicher Support &#8211; Telefonisch und Vor-Ort<\/li>\n\n\n\n<li>Verf\u00fcgbar je nach Servicelevel bis 24\/7\/365<\/li>\n\n\n\n<li>Auf Wunsch mit Ersatzteilvorhaltung abgestimmt auf die Kundenanlage<\/li>\n<\/ul>\n<\/div>\n\n\n\n<div class=\"wp-block-column is-layout-flow wp-block-column-is-layout-flow\" style=\"flex-basis:50%\">\n<figure class=\"wp-block-image size-large is-resized is-style-rounded is-style-rounded--5\"><img decoding=\"async\" src=\"https:\/\/www.stute-schmidt.de\/wp-content\/themes\/twentytwentyfour\/assets\/images\/tourist-and-building.webp\" alt=\"Tourist beim Fotografieren eines Geb\u00e4udes\" style=\"width:30px;height:auto\"\/><\/figure>\n<\/div>\n<\/div>\n\n\n\n<div style=\"height:var(--wp--preset--spacing--40)\" aria-hidden=\"true\" class=\"wp-block-spacer\"><\/div>\n\n\n\n<p class=\"has-text-align-center has-large-font-size\"><\/p>\n<\/div>\n<\/div>\n\n\n\n<div class=\"wp-block-group alignfull has-base-color has-contrast-background-color has-text-color has-background has-global-padding is-layout-constrained wp-container-core-group-is-layout-ef3d885c wp-block-group-is-layout-constrained\" style=\"margin-top:0;margin-bottom:0;padding-top:var(--wp--preset--spacing--60);padding-right:var(--wp--preset--spacing--60);padding-bottom:var(--wp--preset--spacing--60);padding-left:var(--wp--preset--spacing--60)\"><\/div>\n\n\n\n<div class=\"wp-block-group alignfull has-global-padding is-layout-constrained wp-container-core-group-is-layout-d89aad35 wp-block-group-is-layout-constrained\" style=\"margin-top:0;margin-bottom:0;padding-top:var(--wp--preset--spacing--50);padding-right:var(--wp--preset--spacing--50);padding-bottom:var(--wp--preset--spacing--50);padding-left:var(--wp--preset--spacing--50)\">\n<div class=\"wp-block-group alignwide has-global-padding is-layout-constrained wp-block-group-is-layout-constrained\">\n<div class=\"wp-block-query alignwide is-layout-flow wp-block-query-is-layout-flow\"><ul class=\"wp-block-post-template is-layout-flow wp-block-post-template-is-layout-flow\"><li class=\"wp-block-post post-1 post type-post status-publish format-standard hentry category-allgemein\">\n\n<hr class=\"wp-block-separator has-text-color has-contrast-3-color has-alpha-channel-opacity has-contrast-3-background-color has-background alignwide is-style-wide\"\/>\n\n\n\n<div class=\"wp-block-columns alignwide are-vertically-aligned-center is-layout-flex wp-container-core-columns-is-layout-33233fb6 wp-block-columns-is-layout-flex\" style=\"margin-top:var(--wp--preset--spacing--20);margin-bottom:var(--wp--preset--spacing--20)\">\n<div class=\"wp-block-column is-vertically-aligned-center is-layout-flow wp-block-column-is-layout-flow\" style=\"flex-basis:72%\"><h2 style=\"font-size:clamp(0.984rem, 0.984rem + ((1vw - 0.2rem) * 0.86), 1.5rem);line-height:1.1;\" class=\"wp-block-post-title\"><a href=\"https:\/\/www.stute-schmidt.de\/index.php\/2024\/05\/11\/hallo-welt\/\" target=\"_self\" >&#8222;Keiner von uns ist so klug wie wir alle.&#8220; &#8211; Ken Blanchard<\/a><\/h2><\/div>\n\n\n\n<div class=\"wp-block-column is-vertically-aligned-center is-layout-flow wp-block-column-is-layout-flow\" style=\"flex-basis:28%\"><div class=\"wp-block-template-part\">\n\n<div class=\"wp-block-group has-global-padding is-layout-constrained wp-block-group-is-layout-constrained\">\n\t\n\t<div class=\"wp-block-group is-content-justification-left is-layout-flex wp-container-core-group-is-layout-dfe8e91f wp-block-group-is-layout-flex\">\n\t\t<div class=\"wp-block-post-date\"><time datetime=\"2024-05-11T09:15:56+02:00\"><a href=\"https:\/\/www.stute-schmidt.de\/index.php\/2024\/05\/11\/hallo-welt\/\">Mai 11, 2024<\/a><\/time><\/div>\n\n\t\t\n\t\t<p class=\"has-contrast-2-color has-text-color\">\u2014<\/p>\n\t\t\n\n\t\t\n\t\t<p class=\"has-small-font-size has-contrast-2-color has-text-color\">von<\/p>\n\t\t\n\n\t\t<div class=\"wp-block-post-author-name\"><a href=\"https:\/\/www.stute-schmidt.de\/index.php\/author\/ifaadmwp2024\/\" target=\"_self\" class=\"wp-block-post-author-name__link\">Andreas<\/a><\/div>\n\n\t\t<div class=\"taxonomy-category wp-block-post-terms\"><span class=\"wp-block-post-terms__prefix\">in <\/span><a href=\"https:\/\/www.stute-schmidt.de\/index.php\/category\/allgemein\/\" rel=\"tag\">Allgemein<\/a><\/div>\n\n\t<\/div>\n\t\n<\/div>\n\n\n<\/div><\/div>\n<\/div>\n\n<\/li><\/ul>\n\n\n<div style=\"height:var(--wp--preset--spacing--30)\" aria-hidden=\"true\" class=\"wp-block-spacer\"><\/div>\n\n\n\n\n<\/div>\n<\/div>\n<\/div>\n","protected":false},"excerpt":{"rendered":"<p>Beratung Analyse von Bestandsanlagen, Empfehlungen f\u00fcr Instandsetzungen und Sanierungen, bis zur fertigen Ausschreibung Als Kunde profitieren Sie von 30 Jahren Erfahrung in Planung und Ausf\u00fchrung. Wir erstellen und Bearbeiten unsere Ausschreibungen mit ORCA Ava Erneuerung und Instandsetzung Wir helfen im St\u00f6rfall bei der Fehlersuche und Instandsetzung von Bestandsanlagen. Besser ist es, wenn es gar nicht [&hellip;]<\/p>\n","protected":false},"author":1,"featured_media":0,"parent":0,"menu_order":0,"comment_status":"closed","ping_status":"closed","template":"","meta":{"footnotes":""},"class_list":["post-24","page","type-page","status-publish","hentry"],"_links":{"self":[{"href":"https:\/\/www.stute-schmidt.de\/index.php\/wp-json\/wp\/v2\/pages\/24","targetHints":{"allow":["GET"]}}],"collection":[{"href":"https:\/\/www.stute-schmidt.de\/index.php\/wp-json\/wp\/v2\/pages"}],"about":[{"href":"https:\/\/www.stute-schmidt.de\/index.php\/wp-json\/wp\/v2\/types\/page"}],"author":[{"embeddable":true,"href":"https:\/\/www.stute-schmidt.de\/index.php\/wp-json\/wp\/v2\/users\/1"}],"replies":[{"embeddable":true,"href":"https:\/\/www.stute-schmidt.de\/index.php\/wp-json\/wp\/v2\/comments?post=24"}],"version-history":[{"count":11,"href":"https:\/\/www.stute-schmidt.de\/index.php\/wp-json\/wp\/v2\/pages\/24\/revisions"}],"predecessor-version":[{"id":132,"href":"https:\/\/www.stute-schmidt.de\/index.php\/wp-json\/wp\/v2\/pages\/24\/revisions\/132"}],"wp:attachment":[{"href":"https:\/\/www.stute-schmidt.de\/index.php\/wp-json\/wp\/v2\/media?parent=24"}],"curies":[{"name":"wp","href":"https:\/\/api.w.org\/{rel}","templated":true}]}}