{"id":36,"date":"2024-05-11T12:12:24","date_gmt":"2024-05-11T10:12:24","guid":{"rendered":"https:\/\/www.stute-schmidt.de\/?page_id=36"},"modified":"2024-05-14T08:31:02","modified_gmt":"2024-05-14T06:31:02","slug":"impressung","status":"publish","type":"page","link":"https:\/\/www.stute-schmidt.de\/index.php\/impressung\/","title":{"rendered":"Impressum"},"content":{"rendered":"\n<p>Andreas Stute-Schmidt<br>Ingenieurb\u00fcro f\u00fcr Automatisierungstechnik Andreas Stute-Schmidt e.K.<br>Mettinger Stra\u00dfe 4<br>49479 Ibbenb\u00fcren<br>Handelsregister: HRA 5072<br>Registergericht: Steinfurt<br><\/p>\n\n\n\n<p class=\"has-medium-font-size\"><strong>Kontakt<\/strong><br>Telefon: 05451 9951110<br>E-Mail: Info@Stute-Schmidt.de<br><\/p>\n\n\n\n<p class=\"has-medium-font-size\"><strong>Umsatzsteuer-ID<\/strong><br>Umsatzsteuer-Identifikationsnummer gem\u00e4\u00df \u00a7 27 a Umsatzsteuergesetz:<br>DE 154111192<br><\/p>\n\n\n\n<p class=\"has-medium-font-size\"><strong>Angaben zur Berufshaftpflichtversicherung<\/strong><br>Name und Sitz des Versicherers:<br>Allianz Versicherungs-AG<br>10900 Berlin<br><\/p>\n\n\n\n<p class=\"has-medium-font-size\"><strong>Redaktionell verantwortlich<\/strong><br>Andreas Stute-Schmidt<br>Mettinger Stra\u00dfe 4<br>49479 Ibbenb\u00fcren<br><\/p>\n\n\n\n<p class=\"has-medium-font-size\"><strong>Verbraucherstreitbeilegung\/Universalschlichtungsstelle<\/strong><br>Wir sind nicht bereit oder verpflichtet, an Streitbeilegungsverfahren vor einer<br>Verbraucherschlichtungsstelle teilzunehmen.<br><\/p>\n\n\n\n<h5 class=\"wp-block-heading\"><strong>Urheber- und Leistungsschutzrechte<\/strong><\/h5>\n\n\n\n<p>Texte, Bilder, Grafiken sowie die Gestaltung dieser Internetseiten unterliegen dem Urheberrecht. Sie d\u00fcrfen von Ihnen nur zum privaten und sonstigen eigenen Gebrauch im Rahmen des \u00a753 Urheberrechtsgesetz (UrhG) verwendet werden. Eine Vervielf\u00e4ltigung oder Verwendung dieser Seiten oder Teilen davon in anderen elektronischen oder gedruckten Publikationen und deren Ver\u00f6ffentlichung ist nur mit unserer Einwilligung gestattet. Diese erteilen auf Anfrage die f\u00fcr den Inhalt Verantwortlichen. Weiterhin k\u00f6nnen Texte, Bilder, Grafiken und sonstige Dateien ganz oder teilweise dem Urheberrecht Dritter unterliegen. Auch \u00fcber das Bestehen m\u00f6glicher Rechte Dritter geben Ihnen die f\u00fcr den Inhalt Verantwortlichen n\u00e4here Ausk\u00fcnfte.<\/p>\n","protected":false},"excerpt":{"rendered":"<p>Andreas Stute-SchmidtIngenieurb\u00fcro f\u00fcr Automatisierungstechnik Andreas Stute-Schmidt e.K.Mettinger Stra\u00dfe 449479 Ibbenb\u00fcrenHandelsregister: HRA 5072Registergericht: Steinfurt KontaktTelefon: 05451 9951110E-Mail: Info@Stute-Schmidt.de Umsatzsteuer-IDUmsatzsteuer-Identifikationsnummer gem\u00e4\u00df \u00a7 27 a Umsatzsteuergesetz:DE 154111192 Angaben zur BerufshaftpflichtversicherungName und Sitz des Versicherers:Allianz Versicherungs-AG10900 Berlin Redaktionell verantwortlichAndreas Stute-SchmidtMettinger Stra\u00dfe 449479 Ibbenb\u00fcren Verbraucherstreitbeilegung\/UniversalschlichtungsstelleWir sind nicht bereit oder verpflichtet, an Streitbeilegungsverfahren vor einerVerbraucherschlichtungsstelle teilzunehmen. Urheber- und Leistungsschutzrechte Texte, Bilder, [&hellip;]<\/p>\n","protected":false},"author":1,"featured_media":0,"parent":0,"menu_order":0,"comment_status":"closed","ping_status":"closed","template":"","meta":{"footnotes":""},"class_list":["post-36","page","type-page","status-publish","hentry"],"_links":{"self":[{"href":"https:\/\/www.stute-schmidt.de\/index.php\/wp-json\/wp\/v2\/pages\/36","targetHints":{"allow":["GET"]}}],"collection":[{"href":"https:\/\/www.stute-schmidt.de\/index.php\/wp-json\/wp\/v2\/pages"}],"about":[{"href":"https:\/\/www.stute-schmidt.de\/index.php\/wp-json\/wp\/v2\/types\/page"}],"author":[{"embeddable":true,"href":"https:\/\/www.stute-schmidt.de\/index.php\/wp-json\/wp\/v2\/users\/1"}],"replies":[{"embeddable":true,"href":"https:\/\/www.stute-schmidt.de\/index.php\/wp-json\/wp\/v2\/comments?post=36"}],"version-history":[{"count":4,"href":"https:\/\/www.stute-schmidt.de\/index.php\/wp-json\/wp\/v2\/pages\/36\/revisions"}],"predecessor-version":[{"id":45,"href":"https:\/\/www.stute-schmidt.de\/index.php\/wp-json\/wp\/v2\/pages\/36\/revisions\/45"}],"wp:attachment":[{"href":"https:\/\/www.stute-schmidt.de\/index.php\/wp-json\/wp\/v2\/media?parent=36"}],"curies":[{"name":"wp","href":"https:\/\/api.w.org\/{rel}","templated":true}]}}